{"id":342,"date":"2017-10-31T13:57:40","date_gmt":"2017-10-31T13:57:40","guid":{"rendered":"http:\/\/www.asso-afig.fr\/site\/?page_id=342"},"modified":"2018-09-20T15:38:34","modified_gmt":"2018-09-20T15:38:34","slug":"description-de-lassociation-afig","status":"publish","type":"page","link":"https:\/\/www.asso-afig.fr\/site\/actualite\/description-de-lassociation-afig\/","title":{"rendered":"Description de l&#8217;association AFIG"},"content":{"rendered":"<div class=\"logo_afig_in_text\"><img decoding=\"async\" src=\"http:\/\/www.asso-afig.fr\/site\/wp-content\/uploads\/logo_afig_no_text.png\"><\/span> L&#8217;<a href=\"www.asso-afig.f\"><strong>AFIG<\/strong><\/a> (Association Fran\u00e7aise d&#8217;Informatique Graphique) se veut repr\u00e9sentative des grands courants de l&#8217;<strong>Informatique Graphique<\/strong> : <em>synth\u00e8se d&#8217;image, mod\u00e9lisation, animation, g\u00e9om\u00e9trie algorithmique, g\u00e9om\u00e9trie discr\u00e8te, visualisation, architecture de machines, interfaces graphiques, etc.<\/em> Elle est consciente de l&#8217;importance des applications qu&#8217;elle draine, comme la CAO, la visualisation scientifique, le jeu vid\u00e9o et la post production num\u00e9rique.<\/p>\n<p>Ses principaux buts sont de promouvoir l&#8217;Informatique Graphique dans tous ces aspects : <strong>enseignement<\/strong>, <strong>recherche<\/strong>, <strong>\u00e9tudes et d\u00e9veloppements<\/strong>, de privil\u00e9gier les <strong>contacts<\/strong> entre les personnes int\u00e9ress\u00e9es par l&#8217;Informatique Graphique, et de faire reconna\u00eetre cette communaut\u00e9 par les institutions fran\u00e7aises, europ\u00e9ennes et internationales.<\/p>\n<p>Pour r\u00e9aliser ces objectifs l&#8217;AFIG s&#8217;est dot\u00e9e d&#8217;une structure forte, garant de la pluralit\u00e9 de cette communaut\u00e9, structur\u00e9e en trois coll\u00e8ges ind\u00e9pendants : un coll\u00e8ge regroupant les personnes physiques, un coll\u00e8ge regroupant les institutions d&#8217;enseignement et de recherche, et un coll\u00e8ge regroupant les organismes priv\u00e9s \u00e0 but industriel, commercial ou autre.<\/p>\n<hr\/>\n<p>L&#8217;AFIG est une association (loi 1901).<\/p>\n<p>Le si\u00e8ge social de l&#8217;association est fix\u00e9 \u00e0<br \/>\n<em>AFIG &#8211; Association Fran\u00e7aise d&#8217;Informatique Graphique<br \/>\nLIRIS &#8211; UMR 5205<br \/>\nUniversit\u00e9 Claude Bernard Lyon 1<br \/>\nB\u00e2timent Nautibus<br \/>\n43, bd du 11 novembre 1918<br \/>\n69622 Vileurbanne Cedex<\/em><\/p>\n","protected":false},"excerpt":{"rendered":"<p>L&#8217;AFIG (Association Fran\u00e7aise d&#8217;Informatique Graphique) se veut repr\u00e9sentative des grands courants de l&#8217;Informatique Graphique : synth\u00e8se d&#8217;image, mod\u00e9lisation, animation, g\u00e9om\u00e9trie algorithmique, g\u00e9om\u00e9trie discr\u00e8te, visualisation, architecture de machines, interfaces graphiques, etc. &#8230;<\/p>\n","protected":false},"author":1,"featured_media":0,"parent":485,"menu_order":0,"comment_status":"closed","ping_status":"closed","template":"","meta":{"footnotes":""},"class_list":["post-342","page","type-page","status-publish","hentry"],"_links":{"self":[{"href":"https:\/\/www.asso-afig.fr\/site\/wp-json\/wp\/v2\/pages\/342"}],"collection":[{"href":"https:\/\/www.asso-afig.fr\/site\/wp-json\/wp\/v2\/pages"}],"about":[{"href":"https:\/\/www.asso-afig.fr\/site\/wp-json\/wp\/v2\/types\/page"}],"author":[{"embeddable":true,"href":"https:\/\/www.asso-afig.fr\/site\/wp-json\/wp\/v2\/users\/1"}],"replies":[{"embeddable":true,"href":"https:\/\/www.asso-afig.fr\/site\/wp-json\/wp\/v2\/comments?post=342"}],"version-history":[{"count":2,"href":"https:\/\/www.asso-afig.fr\/site\/wp-json\/wp\/v2\/pages\/342\/revisions"}],"predecessor-version":[{"id":827,"href":"https:\/\/www.asso-afig.fr\/site\/wp-json\/wp\/v2\/pages\/342\/revisions\/827"}],"up":[{"embeddable":true,"href":"https:\/\/www.asso-afig.fr\/site\/wp-json\/wp\/v2\/pages\/485"}],"wp:attachment":[{"href":"https:\/\/www.asso-afig.fr\/site\/wp-json\/wp\/v2\/media?parent=342"}],"curies":[{"name":"wp","href":"https:\/\/api.w.org\/{rel}","templated":true}]}}

<div class="logo_afig_in_text"><img decoding="async" src="http://www.asso-afig.fr/site/wp-content/uploads/logo_afig_no_text.png"></span> L&#8217;<a href="www.asso-afig.f"><strong>AFIG</strong></a> (Association Française d&#8217;Informatique Graphique) se veut représentative des grands courants de l&#8217;<strong>Informatique Graphique</strong> : <em>synthèse d&#8217;image, modélisation, animation, géométrie algorithmique, géométrie discrète, visualisation, architecture de machines, interfaces graphiques, etc.</em> Elle est consciente de l&#8217;importance des applications qu&#8217;elle draine, comme la CAO, la visualisation scientifique, le jeu vidéo et la post production numérique.</p>
<p>Ses principaux buts sont de promouvoir l&#8217;Informatique Graphique dans tous ces aspects : <strong>enseignement</strong>, <strong>recherche</strong>, <strong>études et développements</strong>, de privilégier les <strong>contacts</strong> entre les personnes intéressées par l&#8217;Informatique Graphique, et de faire reconnaître cette communauté par les institutions françaises, européennes et internationales.</p>
<p>Pour réaliser ces objectifs l&#8217;AFIG s&#8217;est dotée d&#8217;une structure forte, garant de la pluralité de cette communauté, structurée en trois collèges indépendants : un collège regroupant les personnes physiques, un collège regroupant les institutions d&#8217;enseignement et de recherche, et un collège regroupant les organismes privés à but industriel, commercial ou autre.</p>
<hr/>
<p>L&#8217;AFIG est une association (loi 1901).</p>
<p>Le siège social de l&#8217;association est fixé à<br />
<em>AFIG &#8211; Association Française d&#8217;Informatique Graphique<br />
LIRIS &#8211; UMR 5205<br />
Université Claude Bernard Lyon 1<br />
Bâtiment Nautibus<br />
43, bd du 11 novembre 1918<br />
69622 Vileurbanne Cedex</em></p>

<p>L&#8217;AFIG (Association Française d&#8217;Informatique Graphique) se veut représentative des grands courants de l&#8217;Informatique Graphique : synthèse d&#8217;image, modélisation, animation, géométrie algorithmique, géométrie discrète, visualisation, architecture de machines, interfaces graphiques, etc. &#8230;</p>
