{"id":171,"date":"2017-10-16T14:10:41","date_gmt":"2017-10-16T14:10:41","guid":{"rendered":"http:\/\/www.asso-afig.fr\/site\/?page_id=171"},"modified":"2025-11-06T10:16:59","modified_gmt":"2025-11-06T08:16:59","slug":"membres-des-anciens-ca","status":"publish","type":"page","link":"https:\/\/www.asso-afig.fr\/site\/actualite\/role\/membres-des-anciens-ca\/","title":{"rendered":"Membres des anciens CA"},"content":{"rendered":"<h2>2025-2026<\/h2>\n<ul>\n<li>Maxime MARIA [Pr\u00e9sident]<\/li>\n<li>Pierre KRAEMER (Repr\u00e9sentant ICube)<\/li>\n<li>Adrien BOUSSEAU<\/li>\n<li>Sebastien HORNA <\/li>\n<li>Johanna DELANOY (Site web et mailing list)<\/li>\n<li>Far\u00e8s BELHADJ  [Tr\u00e9sorier]<\/li>\n<li>C\u00e9line ROUDET  [Secr\u00e9taire] (Enseignement IG)<\/li>\n<li>Dmitry SOKOLOV<\/li>\n<li>Fr\u00e9d\u00e9ric PAYAN<\/li>\n<li>David VANDERHAEGHE (Repr\u00e9sentant IRIT)<\/li>\n<li>Vincent BACHMATIUK (Repr\u00e9sentant Saint-Gobain)<\/li>\n<li>Nicolas COURILLEAU<\/li>\n<li>Pascal GUEHL<\/li>\n<\/ul>\n<div style=\"height: 1em;\"><\/div>\n<ul>\n<li><strong>R\u00e9\u00e9lus<\/strong>: Johanna DELANOY, Maxime MARIA <\/li>\n<li><strong>Entrant<\/strong>: <span style=\"font-weight: 400;\">Adrien BOUSSEAU, Micka\u00ebl RIBARDI\u00c8RE<\/span><\/li>\n<li><strong>Sortant<\/strong>: Julie DIGNE, Basile SAUVAGE<\/li>\n<\/ul>\n<h2>2024-2025<\/h2>\n<ul>\n<li>Basile SAUVAGE [Pr\u00e9sident] (Lien SIF)<\/li>\n<li>Julie DIGNE [Vice Pr\u00e9sidente] (Lien EGFR)<\/li>\n<li>Maxime MARIA [Secr\u00e9taire] (Concours, Communication Twitter)<\/li>\n<li>Sebastien HORNA [Tr\u00e9sorier] (Repr\u00e9sentant XLIM)<\/li>\n<li>Johanna DELANOY (Repr\u00e9sentant LIRIS) (Site web et mailing list)<\/li>\n<li>Far\u00e8s BELHADJ<\/li>\n<li>C\u00e9line ROUDET (Enseignement IG)<\/li>\n<li>Dmitry SOKOLOV<\/li>\n<li>Fr\u00e9d\u00e9ric PAYAN<\/li>\n<li>David VANDERHAEGHE (Repr\u00e9sentant IRIT)<\/li>\n<li>Vincent BACHMATIUK (Repr\u00e9sentant Saint-Gobain)<\/li>\n<li><span style=\"font-weight: 400;\">Nicolas COURILLEAU<\/span><\/li>\n<li><span style=\"font-weight: 400;\">Pascal GUEHL<\/span><\/li>\n<\/ul>\n<div style=\"height: 1em;\"><\/div>\n<ul>\n<li><strong>R\u00e9\u00e9lus<\/strong>: Far\u00e8s BELHADJ, Sebastien HORNA (XLIM)<\/li>\n<li><strong>Entrant<\/strong>: <span style=\"font-weight: 400;\">Nicolas COURILLEAU, Pascal GUEHL<\/span><\/li>\n<li><strong>Sortant<\/strong>: Damien ROHMER, Micka\u00ebl RIBARDI\u00c8RE<\/li>\n<\/ul>\n<h2>2023-2024<\/h2>\n<ul>\n<li>Basile SAUVAGE [Pr\u00e9sident] (Lien SIF)<\/li>\n<li>Julie DIGNE [Vice Pr\u00e9sidente] (Lien EGFR)<\/li>\n<li>Maxime MARIA [Secr\u00e9taire] (Concours, Communication Twitter)<\/li>\n<li>Sebastien HORNA [Tr\u00e9sorier]<\/li>\n<li>Johanna DELANOY (Repr\u00e9sentant LIRIS)<\/li>\n<li>Far\u00e8s Belhadj<\/li>\n<li>Mickael RIBARDIERE (Repr\u00e9sentant XLIM)<\/li>\n<li>Damien ROHMER (Site web et mailing list)<\/li>\n<li>C\u00e9line ROUDET (Enseignement IG)<\/li>\n<li>Dmitry SOKOLOV<\/li>\n<li>Fr\u00e9d\u00e9ric PAYAN<\/li>\n<li>David VANDERHAEGHE (Repr\u00e9sentant IRIT)<\/li>\n<li>Vincent BACHMATIUK (Repr\u00e9sentant Saint-Gobain)<\/li>\n<\/ul>\n<div style=\"height: 1em;\"><\/div>\n<ul>\n<li><strong>R\u00e9\u00e9lus<\/strong>: C\u00e9line ROUDET, Dmitry SOKOLOV<\/li>\n<li><strong>Entrant<\/strong>: Fr\u00e9d\u00e9ric PAYAN, David VANDERHAEGHE (IRIT), Vincent BACHMATIUK (Saint-Gobain)<\/li>\n<li><strong>Sortant<\/strong>: St\u00e9phanie PREVOST, Stefanie HAHMANN<\/li>\n<\/ul>\n<h2>2022-2023<\/h2>\n<ul>\n<li>Basile SAUVAGE [Pr\u00e9sident] (Lien SIF)<\/li>\n<li>Julie DIGNE [Vice Pr\u00e9sidente] (Lien EGFR)<\/li>\n<li>Maxime MARIA [Secr\u00e9taire] (Concours, Communication Twitter)<\/li>\n<li>Sebastien HORNA [Tr\u00e9sorier]<\/li>\n<li>Johanna DELANOY (Repr\u00e9sentant LIRIS)<\/li>\n<li>Far\u00e8s Belhadj<\/li>\n<li>Stefanie HAHMANN<\/li>\n<li>St\u00e9phanie PREVOST<\/li>\n<li>Mickael RIBARDIERE (Repr\u00e9sentant XLIM)<\/li>\n<li>Damien ROHMER (Site web et mailing list)<\/li>\n<li>C\u00e9line ROUDET (Enseignement IG)<\/li>\n<li>Dmitry SOKOLOV (Repr\u00e9sentant LORIA)<\/li>\n<\/ul>\n<div style=\"height: 1em;\"><\/div>\n<ul>\n<li><strong>R\u00e9\u00e9lus<\/strong>: Julie DIGNE, Maxime MARIA, Basile SAUVAGE<\/li>\n<li><strong>Entrant<\/strong>: Johanna DELANOY (Repr\u00e9sentant LIRIS)<\/li>\n<li><strong>Sortant<\/strong>: Adrien PEYTAVIE<\/li>\n<\/ul>\n<h2>2021-2022<\/h2>\n<ul>\n<li>Basile SAUVAGE [Pr\u00e9sident] (Lien SIF)<\/li>\n<li>Maxime MARIA [Secr\u00e9taire] (Concours, Communication Twitter)<\/li>\n<li>Adrien PEYTAVIE [Tr\u00e9sorier]<\/li>\n<li>Julie DIGNE (Repr\u00e9sentante LIRIS, Lien EGFR)<\/li>\n<li>Far\u00e8s Belhadj<\/li>\n<li>Stefanie HAHMANN<\/li>\n<li>Sebastien HORNA<\/li>\n<li>St\u00e9phanie PREVOST<\/li>\n<li>Mickael RIBARDIERE (Repr\u00e9sentant XLIM)<\/li>\n<li>Damien ROHMER (Site web et mailing list)<\/li>\n<li>C\u00e9line ROUDET (Enseignement IG)<\/li>\n<li>Dmitry SOKOLOV (Repr\u00e9sentant LORIA)<\/li>\n<\/ul>\n<div style=\"height: 1em;\"><\/div>\n<ul>\n<li><strong>R\u00e9\u00e9lus<\/strong>: Sebastien HORNA, Damien ROHMER, Mickael RIBARDIERE (Repr\u00e9sentant XLIM)<\/li>\n<li><strong>Entrant<\/strong>: Far\u00e8s BELHADJ<\/li>\n<li><strong>Sortant<\/strong>: Guillaume GILET<\/li>\n<\/ul>\n<h2>2020-2021<\/h2>\n<ul>\n<li>Basile SAUVAGE [Pr\u00e9sident] (Lien SIF)<\/li>\n<li>Guillaume GILET [Vice-Pr\u00e9sident] (Lien SIF)<\/li>\n<li>Maxime MARIA [Secr\u00e9taire] (Concours, Communication Twitter)<\/li>\n<li>Adrien PEYTAVIE [Tr\u00e9sorier]<\/li>\n<li>Julie DIGNE (Repr\u00e9sentante LIRIS, Lien EGFR)<\/li>\n<li>Stefanie HAHMANN<\/li>\n<li>Sebastien HORNA<\/li>\n<li>St\u00e9phanie PREVOST<\/li>\n<li>Mickael RIBARDIERE (Repr\u00e9sentant XLIM)<\/li>\n<li>Damien ROHMER (Site web et mailing list)<\/li>\n<li>C\u00e9line ROUDET (Enseignement IG)<\/li>\n<li>Dmitry SOKOLOV (Repr\u00e9sentant LORIA)<\/li>\n<\/ul>\n<div style=\"height: 1em;\"><\/div>\n<ul>\n<li><strong>Entrant<\/strong>: C\u00e9line Roudet, Stefanie Hahmann, St\u00e9fanie Prevost, Dmitry Sokolov(LORIA)<\/li>\n<li><strong>Sortant<\/strong>: C\u00e9line Loscos, Ludovic Hoyet, Bruno Levy, St\u00e9fanie Prevost (CReSTIC)<\/li>\n<\/ul>\n<h2>2019-2020<\/h2>\n<ul>\n<li>Guillaume GILET [Pr\u00e9sident] (Lien SIF)<\/li>\n<li>C\u00e9line LOSCOS [Vice-Pr\u00e9sidente]<\/li>\n<li>Basile SAUVAGE[Secr\u00e9taire] (Lien SIF)<\/li>\n<li>Adrien PEYTAVIE [Tr\u00e9sorier]<\/li>\n<li>Julie DIGNE (Repr\u00e9sentante LIRIS, Lien EGFR)<\/li>\n<li>Sebastien Horna<\/li>\n<li>Ludovic HOYET (Lien ACM SIGGRAPH Paris)<\/li>\n<li>Bruno LEVY<\/li>\n<li>Maxime MARIA (Lien SIGGRAPH Paris, Communication Twitter)<\/li>\n<li>St\u00e9phanie PREVOST (Repr\u00e9sentant CReSTIC)<\/li>\n<li>Mickael RIBARDIERE (Repr\u00e9sentant XLIM)<\/li>\n<li>Damien ROHMER (Site web et mailing list)<\/li>\n<\/ul>\n<div style=\"height: 1em;\"><\/div>\n<ul>\n<li><strong>R\u00e9\u00e9lus<\/strong>: Adrien Peytavie, Basile Sauvage, Julie Digne (LIRIS)<\/li>\n<li><strong>Entrant<\/strong>: Maxime Maria<\/li>\n<li><strong>Sortant<\/strong>: Fr\u00e9d\u00e9ric Cordier<\/li>\n<\/ul>\n<h2>2018-2019<\/h2>\n<ul>\n<li>C\u00e9line LOSCOS [Vice-Pr\u00e9sidente]<\/li>\n<li>Guillaume GILET [Pr\u00e9sident] (Lien SIF)<\/li>\n<li>Fr\u00e9d\u00e9ric CORDIER [Secr\u00e9taire]<\/li>\n<li>Basile SAUVAGE[Secr\u00e9taire adjoint] (Lien SIF)<\/li>\n<li>Adrien PEYTAVIE [Tr\u00e9sorier]<\/li>\n<li>Eric DESJARDIN [Tr\u00e9sorier adjoint]<\/li>\n<li>Sebastien Horna<\/li>\n<li>Ludovic HOYET (Lien ACM SIGGRAPH Paris)<\/li>\n<li>Bruno LEVY<\/li>\n<li>Damien ROHMER (Site web et Mailing list)<\/li>\n<li>Mickael Ribardi\u00e8re (XLIM)<\/li>\n<li>Julie DIGNE (Lien EGFR, meilleur papier)<\/li>\n<\/ul>\n<div style=\"height: 1em;\"><\/div>\n<ul>\n<li><strong>R\u00e9\u00e9lus<\/strong>: Damien Rohmer, Guillaume Gilet<\/li>\n<li><strong>Entrant<\/strong>: Mickael Ribardi\u00e8re (XLIM), Sebastien Horna<\/li>\n<li><strong>Sortant<\/strong>: David Cazier, R\u00e9mi Ronfard (LJK)<\/li>\n<\/ul>\n<h2>2017-2018<\/h2>\n<ul>\n<li>C\u00e9line LOSCOS [Pr\u00e9sidente]<\/li>\n<li>Guillaume GILET [Vice-pr\u00e9sident] (Lien SIF)<\/li>\n<li>Fr\u00e9d\u00e9ric CORDIER [Secr\u00e9taire]<\/li>\n<li>Basile SAUVAGE[Secr\u00e9taire adjoint] (Lien SIF)<\/li>\n<li>Adrien PEYTAVIE [Tr\u00e9sorier]<\/li>\n<li>Eric DESJARDIN [Tr\u00e9sorier adjoint]<\/li>\n<li>David CAZIER<\/li>\n<li>Ludovic HOYET (Lien ACM SIGGRAPH Paris)<\/li>\n<li>Bruno LEVY (Lien VISIGRAPP, Lien SIF)<\/li>\n<li>Damien ROHMER (Site web et Mailing list)<\/li>\n<li>R\u00e9mi RONFARD (Lien entreprises)<\/li>\n<li>Julie DIGNE (Lien EGFR, meilleur papier)<\/li>\n<\/ul>\n<div style=\"height: 1em;\"><\/div>\n<ul>\n<li><strong>R\u00e9\u00e9lus<\/strong>: C\u00e9line Loscos<\/li>\n<li><strong>Entrant<\/strong>: Bruno L\u00e9vy, Ludovic Hoyet, Stephanie Prevost (CReSTIC)<\/li>\n<li><strong>Sortant<\/strong>: David Vanderhaeghe, Gilles Gesqui\u00e8re, Laurent Lucas (CReSTIC)<\/li>\n<\/ul>\n<h2>2016-2017<\/h2>\n<ul>\n<li>C\u00e9line LOSCOS [Pr\u00e9sidente]<\/li>\n<li>Gilles GESQUIERE [Vice-Pr\u00e9sident]<\/li>\n<li>Fr\u00e9d\u00e9ric CORDIER [Secr\u00e9taire]<\/li>\n<li>Guillaume GILET [Secr\u00e9taire adjoint]<\/li>\n<li>Adrien PEYTAVIE [Tr\u00e9sorier]<\/li>\n<li>David VANDERHAEGHE [Tr\u00e9sorier adjoint]<\/li>\n<li>David CAZIER<\/li>\n<li>Damien ROHMER<\/li>\n<li>R\u00e9mi RONFARD<\/li>\n<li>Julie DIGNE<\/li>\n<li>Basile SAUVAGE<\/li>\n<\/ul>\n<ul>\n<li><strong>Entrant<\/strong>: Adrien Peytavie, Basile Sauvage, Fr\u00e9d\u00e9ric Cordier, Julie Digne (LIRIS)<\/li>\n<li><strong>Sortant<\/strong>: Daniel Meneveaux, Venceslas Biri, Jean-Christophe Gonzato, Adrien Peytavie (LIRIS)<\/li>\n<\/ul>\n<h2>2015-2016<\/h2>\n<ul>\n<li>Gilles GESQUIERE (Pr\u00e9sident) [2014-2015]<\/li>\n<li>Daniel MENEVEAUX (Vice-Pr\u00e9sident) [2013-2014]<\/li>\n<li>C\u00e9line LOSCOS (Secr\u00e9taire) [2014-2015]<\/li>\n<li>David VANDERHAEGHE (Tr\u00e9sorier) [2014-2015]<\/li>\n<li>Venceslas BIRI (Relation entreprises et site internet) [2013-2014]<\/li>\n<li>Adrien PEYTAVIE (Tr\u00e9sorier adjoint) [2013-2014]<\/li>\n<li>David CAZIER (Secr\u00e9taire adjoint) [2015-2016]<\/li>\n<li>Guillaume GILLET [2015-2016]<\/li>\n<li>Jean-Christophe GONZATO [2015-2016]<\/li>\n<li>Damien ROHMER [2015-2016]<\/li>\n<li>Laurent LUCAS [2014-2015]<\/li>\n<li>R\u00e9mi RONFARD [2015-2016]<\/li>\n<\/ul>\n<div style=\"height: 1em;\"><\/div>\n<ul>\n<li><strong>Entrant<\/strong>: Damien Rohmer, David Cazier, Guillaume Gilet, R\u00e9mi Ronfard (LJK)<\/li>\n<\/ul>\n<h2>2014-2015<\/h2>\n<ul>\n<li>Gilles GESQUIERE (Pr\u00e9sident) [2014-2015]<\/li>\n<li>Daniel MENEVEAUX (Vice-Pr\u00e9sident) [2013-2014]<\/li>\n<li>C\u00e9line LOSCOS (Secr\u00e9taire) [2014-2015]<\/li>\n<li>David VANDERHAEGHE (Tr\u00e9sorier) [2014-2015]<\/li>\n<li>Venceslas BIRI (Relation entreprises et site internet) [2013-2014]<\/li>\n<li>Adrien PEYTAVIE (Tr\u00e9sorier adjoint) [2013-2014]<\/li>\n<li>Jean-Christophe GONZATO [2015-2016]<\/li>\n<li>Laurent LUCAS [2014-2015]<\/li>\n<li>Zayo [2014-2015]<\/li>\n<\/ul>\n<h2>2013-2014<\/h2>\n<ul>\n<li>Gilles GESQUIERE<\/li>\n<li>Daniel MENEVEAUX<\/li>\n<li>C\u00e9line LOSCOS<\/li>\n<li>David VANDERHAEGHE<\/li>\n<li>Venceslas BIRI<\/li>\n<li>Adrien PEYTAVIE<\/li>\n<li>Jean-Christophe GONZATO<\/li>\n<li>Fran\u00e7ois ROUSSELLE<\/li>\n<li>Jean-Pierre JESSEL<\/li>\n<li>Kadi BOUATOUCH<\/li>\n<\/ul>\n<h2>2012-2013<\/h2>\n<ul>\n<li>Dominique BECHMANN<\/li>\n<li>Gilles GESQUIERE<\/li>\n<li>Daniel MENEVEAUX (Pr\u00e9sident)<\/li>\n<li>C\u00e9line LOSCOS<\/li>\n<li>David VANDERHAEGHE<\/li>\n<li>Venceslas BIRI<\/li>\n<li>Jean-Christophe GONZATO (Tr\u00e9sorier)<\/li>\n<li>Fran\u00e7ois ROUSSELLE (Secr\u00e9taire)<\/li>\n<li>Jean-Pierre JESSEL (Vice-Pr\u00e9sident)<\/li>\n<li>Kadi BOUATOUCH<\/li>\n<li>Laurent Lucas<\/li>\n<li>Xavier Scapin<\/li>\n<\/ul>\n","protected":false},"excerpt":{"rendered":"<p>2025-2026 Maxime MARIA [Pr\u00e9sident] Pierre KRAEMER (Repr\u00e9sentant ICube) Adrien BOUSSEAU Sebastien HORNA Johanna DELANOY (Site web et mailing list) Far\u00e8s BELHADJ [Tr\u00e9sorier] C\u00e9line ROUDET [Secr\u00e9taire] (Enseignement IG) Dmitry SOKOLOV Fr\u00e9d\u00e9ric &#8230;<\/p>\n","protected":false},"author":1,"featured_media":0,"parent":218,"menu_order":0,"comment_status":"closed","ping_status":"closed","template":"","meta":{"footnotes":""},"class_list":["post-171","page","type-page","status-publish","hentry"],"_links":{"self":[{"href":"https:\/\/www.asso-afig.fr\/site\/wp-json\/wp\/v2\/pages\/171"}],"collection":[{"href":"https:\/\/www.asso-afig.fr\/site\/wp-json\/wp\/v2\/pages"}],"about":[{"href":"https:\/\/www.asso-afig.fr\/site\/wp-json\/wp\/v2\/types\/page"}],"author":[{"embeddable":true,"href":"https:\/\/www.asso-afig.fr\/site\/wp-json\/wp\/v2\/users\/1"}],"replies":[{"embeddable":true,"href":"https:\/\/www.asso-afig.fr\/site\/wp-json\/wp\/v2\/comments?post=171"}],"version-history":[{"count":32,"href":"https:\/\/www.asso-afig.fr\/site\/wp-json\/wp\/v2\/pages\/171\/revisions"}],"predecessor-version":[{"id":1733,"href":"https:\/\/www.asso-afig.fr\/site\/wp-json\/wp\/v2\/pages\/171\/revisions\/1733"}],"up":[{"embeddable":true,"href":"https:\/\/www.asso-afig.fr\/site\/wp-json\/wp\/v2\/pages\/218"}],"wp:attachment":[{"href":"https:\/\/www.asso-afig.fr\/site\/wp-json\/wp\/v2\/media?parent=171"}],"curies":[{"name":"wp","href":"https:\/\/api.w.org\/{rel}","templated":true}]}}