{"id":1667,"date":"2025-08-27T16:18:44","date_gmt":"2025-08-27T14:18:44","guid":{"rendered":"https:\/\/www.asso-afig.fr\/site\/?page_id=1667"},"modified":"2026-02-04T21:52:01","modified_gmt":"2026-02-04T19:52:01","slug":"concours-blender-geometry-nodes","status":"publish","type":"page","link":"https:\/\/www.asso-afig.fr\/site\/concours\/concours-blender-geometry-nodes\/","title":{"rendered":"Concours Blender Geometry Nodes"},"content":{"rendered":"<h1>Concours Blender Geometry Nodes<\/h1>\n<h2>Prochaine \u00e9dition du concours<\/h2>\n<p>La prochaine \u00e9dition du concours sera ouverte jusqu&#8217;en Octobre 2026: les modalit\u00e9s de soumission et la date exacte seront annonc\u00e9es ult\u00e9rieurement.\u00a0Les cr\u00e9ations seront pr\u00e9sent\u00e9es aux jFig 2026 \u00e0 Toulouse.<br \/>\n<strong>Th\u00e8me <\/strong>: Cette ann\u00e9e, le th\u00e8me sera \u201cVille rose\u201d. Un hommage \u00e0 Toulouse et sa couleur si particuli\u00e8re, provenant des briques qui la fabriquent. A vous et votre imagination de r\u00e9aliser une cr\u00e9ation sur ce que peut vous inspirer cette ville.<\/p>\n<p><!-- - Lien du concours <a href=\"https:\/\/jfig2025.univ-littoral.fr\/concours\/blender-geometry-node\/\">Blender Geometry Node 2025<\/a>--><\/p>\n<h2><span style=\"font-weight: 400;\">R\u00e8gles du concours<\/span><\/h2>\n<ul>\n<li style=\"font-weight: 400;\" aria-level=\"1\"><span style=\"font-weight: 400;\">Vous devez obligatoirement utiliser Blender 4.2 LTS (<\/span><a href=\"https:\/\/www.blender.org\/download\/\"><span style=\"font-weight: 400;\">https:\/\/www.blender.org\/download\/<\/span><\/a><span style=\"font-weight: 400;\">)<\/span><\/li>\n<li style=\"font-weight: 400;\" aria-level=\"1\"><span style=\"font-weight: 400;\">Le mod\u00e8le d\u2019entr\u00e9e doit \u00eatre le cube de base de Blender<\/span><\/li>\n<li style=\"font-weight: 400;\" aria-level=\"1\"><span style=\"font-weight: 400;\">Aucune restriction pour le r\u00e9sultat final, le cube peut se transformer en ce que vous voulez (tant que vous respectez le th\u00e8me) !<\/span><\/li>\n<li style=\"font-weight: 400;\" aria-level=\"1\"><span style=\"font-weight: 400;\">Aucun n\u0153ud ne doit charger des donn\u00e9es externes<\/span><\/li>\n<li style=\"font-weight: 400;\" aria-level=\"1\"><span style=\"font-weight: 400;\">Aucun add-on ne peut \u00eatre utilis\u00e9<\/span><\/li>\n<li style=\"font-weight: 400;\" aria-level=\"1\"><span style=\"font-weight: 400;\">Les op\u00e9rations de mod\u00e9lisation doivent \u00eatre enti\u00e8rement proc\u00e9durales (aucune intervention manuelle)<\/span><\/li>\n<li style=\"font-weight: 400;\" aria-level=\"1\"><span style=\"font-weight: 400;\">Seules les primitives g\u00e9om\u00e9triques de bases sont autoris\u00e9es<\/span><\/li>\n<li style=\"font-weight: 400;\" aria-level=\"1\"><span style=\"font-weight: 400;\">Les textures doivent \u00eatre enti\u00e8rement proc\u00e9durales (aucune image)<\/span><\/li>\n<li style=\"font-weight: 400;\" aria-level=\"1\"><span style=\"font-weight: 400;\">Il ne s\u2019agit pas d\u2019un concours de rendu ! Seule la g\u00e9om\u00e9trie sera prise en compte<\/span><\/li>\n<\/ul>\n<h3><span style=\"font-weight: 400;\">Participation<\/span><\/h3>\n<p><span style=\"font-weight: 400;\">Pour participer, il suffit de fournir une archive (dont le nom contiendra vos nom et pr\u00e9nom) avec :<\/span><\/p>\n<ul>\n<li style=\"font-weight: 400;\" aria-level=\"1\"><span style=\"font-weight: 400;\">un fichier .blend ;<\/span><\/li>\n<li style=\"font-weight: 400;\" aria-level=\"1\"><span style=\"font-weight: 400;\">un document PDF contenant une br\u00e8ve explication de votre m\u00e9thode ;<\/span><\/li>\n<li style=\"font-weight: 400;\" aria-level=\"1\"><span style=\"font-weight: 400;\">une image rendue avec Blender (ou une vid\u00e9o, si votre r\u00e9alisation est une animation) illustrant le r\u00e9sultat final.<\/span><\/li>\n<\/ul>\n<p><span style=\"font-weight: 400;\">Le document d\u2019explication ne devra pas d\u00e9passer cinq pages, r\u00e9f\u00e9rences incluses le cas \u00e9ch\u00e9ant. Vous devrez y pr\u00e9senter vos id\u00e9es\/intentions, mettre en avant l\u2019originalit\u00e9 de votre cr\u00e9ation, d\u00e9tailler les difficult\u00e9s\/subtilit\u00e9s des m\u00e9thodes utilis\u00e9es\u2026<\/span><\/p>\n<p><span style=\"font-weight: 400;\">Tout le monde peut soumettre et nous encourageons les enseignants de master \u00e0 transmettre l\u2019appel \u00e0 leurs \u00e9tudiants. Ne vous censurez pas, une soumission peut inclure un bin\u00f4me.<\/span><\/p>\n<h3><span style=\"font-weight: 400;\">Pr\u00e9sentation lors des journ\u00e9es<\/span><\/h3>\n<p><span style=\"font-weight: 400;\">Vos cr\u00e9ations sont pr\u00e9sent\u00e9es durant les journ\u00e9es. Pour cela, vous devrez pr\u00e9parer une pr\u00e9sentation courte de votre graphe (3 minutes maximum).<\/span><\/p>\n<p><span style=\"font-weight: 400;\">Deux solutions sont possibles :<\/span><\/p>\n<ul>\n<li style=\"font-weight: 400;\" aria-level=\"1\"><span style=\"font-weight: 400;\">Si vous participez aux journ\u00e9es, vous pouvez pr\u00e9senter directement votre travail durant la session d\u00e9di\u00e9e<\/span><\/li>\n<li style=\"font-weight: 400;\" aria-level=\"1\"><span style=\"font-weight: 400;\">Sinon, vous pouvez nous fournir une vid\u00e9o que nous diffuserons<\/span><\/li>\n<\/ul>\n<p><span style=\"font-weight: 400;\">Cette pr\u00e9sentation sera \u00e0 fournir en m\u00eame temps que la soumission.<\/span><\/p>\n<h3><b>Evaluation et hors concours<\/b><\/h3>\n<p><span style=\"font-weight: 400;\">Pour cette ann\u00e9e, deux cat\u00e9gories seront propos\u00e9es : concours et hors concours.\u00a0<\/span><\/p>\n<p><b>Concours.<\/b><span style=\"font-weight: 400;\"> Les r\u00e9alisations seront \u00e9valu\u00e9es par un jury et selon les crit\u00e8res suivants : la complexit\u00e9 de la cr\u00e9ation, l\u2019originalit\u00e9 des m\u00e9thodes utilis\u00e9es et la propret\u00e9 du graphe final. Le document d\u2019explication sera aussi pris en compte.<\/span><\/p>\n<p><span style=\"font-weight: 400;\">Vous devrez clairement identifier les n\u0153uds r\u00e9utilis\u00e9s en citant vos sources !<\/span><\/p>\n<p><span style=\"font-weight: 400;\">Les trois meilleures contributions recevront un prix et un prix du public sera \u00e9galement d\u00e9cern\u00e9 durant les journ\u00e9es. Dans l\u2019attente d\u2019une r\u00e9ponse de nos sponsors, nous ne pouvons pas encore d\u00e9voiler quels seront ces prix.<\/span><\/p>\n<p><b>Hors concours.<\/b><span style=\"font-weight: 400;\"> C\u2019est la partie fun du concours. Pr\u00e9c\u00e9dents gagnants, soumission sans prise de t\u00eate, envie de flex, c\u2019est pour vous ! Amusez-vous !<\/span><\/p>\n<h3><span style=\"font-weight: 400;\">Informations compl\u00e9mentaires<\/span><\/h3>\n<p><span style=\"font-weight: 400;\">De nombreuses ressources sont disponibles sur internet pour vous aider e.g. :<\/span><\/p>\n<ul>\n<li style=\"font-weight: 400;\" aria-level=\"1\"><span style=\"font-weight: 400;\">\u00a0La doc ! <\/span><a href=\"https:\/\/docs.blender.org\/manual\/en\/latest\/modeling\/geometry_nodes\/index.html\"><span style=\"font-weight: 400;\">https:\/\/docs.blender.org\/manual\/en\/latest\/modeling\/geometry_nodes\/index.html<\/span><\/a><\/li>\n<li style=\"font-weight: 400;\" aria-level=\"1\"><span style=\"font-weight: 400;\">L\u2019excellent tutoriel produit par Am\u00e9lie FONDEVILLA, disponible ici : <\/span><a href=\"https:\/\/afonde.com\/afig-geometry-nodes\"><span style=\"font-weight: 400;\">https:\/\/afonde.com\/afig-geometry-nodes<\/span><\/a><\/li>\n<li style=\"font-weight: 400;\" aria-level=\"1\"><span style=\"font-weight: 400;\">Des tutoriels vid\u00e9o : <\/span><a href=\"https:\/\/www.youtube.com\/watch?v=aO0eUnu0hO0\"><span style=\"font-weight: 400;\">https:\/\/www.youtube.com\/watch?v=aO0eUnu0hO0<\/span><\/a><\/li>\n<\/ul>\n<p><span style=\"font-weight: 400;\">Pour toute question, n\u2019h\u00e9sitez pas \u00e0 nous contacter : nicolas.courilleau@univ-poitiers.fr \/ johanna.delanoy@insa-lyon.fr<\/span><\/p>\n<p><span style=\"font-weight: 400;\">Vous pouvez retrouver les laur\u00e9ats des ann\u00e9es pr\u00e9c\u00e9dentes ci dessous.<\/span><\/p>\n<h2>Gagnant des pr\u00e9c\u00e9dents concours<\/h2>\n<h3>2025<\/h3>\n<p><strong>Th\u00e8me<\/strong> : <em>La dentelle <\/em><\/p>\n<p><strong>1er prix<\/strong><br \/>\nJosu\u00e9 RAAD (Doctorant Poitiers\/Sherbrooke), pour &#8220;<a href=\"https:\/\/www.asso-afig.fr\/concours\/blender\/Jfig 2025 dentelle.blend\">L\u2019Herbier de Dentelle<\/a>&#8221;<br \/>\n<video src=\"https:\/\/www.asso-afig.fr\/concours\/blender\/Raad jofig geo node 2025.mp4\" autoplay=\"autoplay\" loop=\"loop\" muted=\"\" width=\"300\" height=\"150\"><br \/>\nVideo not supported by your system.<br \/>\n<\/video><\/p>\n<p><strong>2\u00e8me prix<\/strong><br \/>\nXianjin GONG (Doctorant LIX, Paris), pour &#8220;<a href=\"https:\/\/www.asso-afig.fr\/concours\/blender\/halvorsen_lace.blend\">Halvorsen Lace<\/a>&#8221;<br \/>\n<img loading=\"lazy\" decoding=\"async\" src=\"https:\/\/www.asso-afig.fr\/concours\/blender\/halvorsen_lace.png\" width=\"300\" height=\"150\" \/><\/p>\n<h3>2024<\/h3>\n<p><strong>Th\u00e8me<\/strong> : <em>Le bretzel (mod\u00e8le d&#8217;entr\u00e9e) <\/em><\/p>\n<p><strong>1er prix<\/strong><br \/>\nAntoine RICHERMOZ (Doctorant LJK, Grenoble), pour &#8220;<a href=\"https:\/\/www.asso-afig.fr\/concours\/blender\/Recette_du_bretzel.blend\">Recette du bretzel<\/a>&#8221;<br \/>\n<img loading=\"lazy\" decoding=\"async\" src=\"https:\/\/www.asso-afig.fr\/concours\/blender\/Recette_du_bretzel.webp\" width=\"300\" height=\"150\" \/><\/p>\n<p><strong>2\u00e8me prix<\/strong><br \/>\nJean BASSET (Ma\u00eetre de conf\u00e9rences LABRI, Bordeaux), pour &#8220;<a href=\"https:\/\/www.asso-afig.fr\/concours\/blender\/Bretzel_earth.blend\">Bretzel earth<\/a>&#8221;<br \/>\n<img loading=\"lazy\" decoding=\"async\" src=\"https:\/\/www.asso-afig.fr\/concours\/blender\/Bretzel_earth.webp\" width=\"300\" height=\"150\" \/><\/p>\n<p><strong>3\u00e8me prix<\/strong><br \/>\nJosu\u00e9 RAAD (Doctorant BISOUS, Sherbrooke \/ XLIM, Poitiers), pour &#8220;<a href=\"https:\/\/www.asso-afig.fr\/concours\/blender\/Cycle_de_vie_bretzel.blend\">Cycle de vie du bretzel<\/a>&#8221;<br \/>\n<img loading=\"lazy\" decoding=\"async\" src=\"https:\/\/www.asso-afig.fr\/concours\/blender\/Cycle_de_vie_bretzel.webp\" width=\"300\" height=\"150\" \/><\/p>\n<p><strong>Prix du public<\/strong><br \/>\nTh\u00e9o CHEYNEL (Doctorant LIX\/Kinetix, Paris), pour &#8220;<a href=\"https:\/\/www.asso-afig.fr\/concours\/blender\/Un_gout_d_Alsace.blend\">Un go\u00fbt d&#8217;Alsace<\/a>&#8221;<br \/>\n<img loading=\"lazy\" decoding=\"async\" src=\"https:\/\/www.asso-afig.fr\/concours\/blender\/Un_gout_d_Alsace.webp\" width=\"300\" height=\"150\" \/><\/p>\n","protected":false},"excerpt":{"rendered":"<p>Concours Blender Geometry Nodes Prochaine \u00e9dition du concours La prochaine \u00e9dition du concours sera ouverte jusqu&#8217;en Octobre 2026: les modalit\u00e9s de soumission et la date exacte seront annonc\u00e9es ult\u00e9rieurement.\u00a0Les cr\u00e9ations &#8230;<\/p>\n","protected":false},"author":2,"featured_media":0,"parent":1183,"menu_order":0,"comment_status":"closed","ping_status":"closed","template":"","meta":{"footnotes":""},"class_list":["post-1667","page","type-page","status-publish","hentry"],"_links":{"self":[{"href":"https:\/\/www.asso-afig.fr\/site\/wp-json\/wp\/v2\/pages\/1667"}],"collection":[{"href":"https:\/\/www.asso-afig.fr\/site\/wp-json\/wp\/v2\/pages"}],"about":[{"href":"https:\/\/www.asso-afig.fr\/site\/wp-json\/wp\/v2\/types\/page"}],"author":[{"embeddable":true,"href":"https:\/\/www.asso-afig.fr\/site\/wp-json\/wp\/v2\/users\/2"}],"replies":[{"embeddable":true,"href":"https:\/\/www.asso-afig.fr\/site\/wp-json\/wp\/v2\/comments?post=1667"}],"version-history":[{"count":12,"href":"https:\/\/www.asso-afig.fr\/site\/wp-json\/wp\/v2\/pages\/1667\/revisions"}],"predecessor-version":[{"id":1763,"href":"https:\/\/www.asso-afig.fr\/site\/wp-json\/wp\/v2\/pages\/1667\/revisions\/1763"}],"up":[{"embeddable":true,"href":"https:\/\/www.asso-afig.fr\/site\/wp-json\/wp\/v2\/pages\/1183"}],"wp:attachment":[{"href":"https:\/\/www.asso-afig.fr\/site\/wp-json\/wp\/v2\/media?parent=1667"}],"curies":[{"name":"wp","href":"https:\/\/api.w.org\/{rel}","templated":true}]}}