{"id":1620,"date":"2025-03-27T15:58:35","date_gmt":"2025-03-27T13:58:35","guid":{"rendered":"https:\/\/www.asso-afig.fr\/site\/?page_id=1620"},"modified":"2025-03-27T16:06:43","modified_gmt":"2025-03-27T14:06:43","slug":"calendrier-des-conferences","status":"publish","type":"page","link":"https:\/\/www.asso-afig.fr\/site\/calendrier-des-conferences\/","title":{"rendered":"Calendrier des conf\u00e9rences"},"content":{"rendered":"<p>L&#8217;AFIG tient \u00e0 jour un calendrier des conf\u00e9rences et journ\u00e9es li\u00e9es d&#8217;informatique graphique, fran\u00e7aises et internationales. N&#8217;h\u00e9sitez pas \u00e0 l&#8217;int\u00e9grer dans vos agendas!<\/p>\n<p><iframe loading=\"lazy\" src=\"https:\/\/calendar.google.com\/calendar\/embed?src=r2l4hbd0a83ktnjv5opmrelo70%40group.calendar.google.com&#038;ctz=Europe%2FParis\" style=\"border: 0\" width=\"800\" height=\"600\" frameborder=\"0\" scrolling=\"no\"><\/iframe><\/p>\n","protected":false},"excerpt":{"rendered":"<p>L&#8217;AFIG tient \u00e0 jour un calendrier des conf\u00e9rences et journ\u00e9es li\u00e9es d&#8217;informatique graphique, fran\u00e7aises et internationales. N&#8217;h\u00e9sitez pas \u00e0 l&#8217;int\u00e9grer dans vos agendas!<\/p>\n","protected":false},"author":2,"featured_media":0,"parent":0,"menu_order":0,"comment_status":"closed","ping_status":"closed","template":"","meta":{"footnotes":""},"class_list":["post-1620","page","type-page","status-publish","hentry"],"_links":{"self":[{"href":"https:\/\/www.asso-afig.fr\/site\/wp-json\/wp\/v2\/pages\/1620"}],"collection":[{"href":"https:\/\/www.asso-afig.fr\/site\/wp-json\/wp\/v2\/pages"}],"about":[{"href":"https:\/\/www.asso-afig.fr\/site\/wp-json\/wp\/v2\/types\/page"}],"author":[{"embeddable":true,"href":"https:\/\/www.asso-afig.fr\/site\/wp-json\/wp\/v2\/users\/2"}],"replies":[{"embeddable":true,"href":"https:\/\/www.asso-afig.fr\/site\/wp-json\/wp\/v2\/comments?post=1620"}],"version-history":[{"count":3,"href":"https:\/\/www.asso-afig.fr\/site\/wp-json\/wp\/v2\/pages\/1620\/revisions"}],"predecessor-version":[{"id":1624,"href":"https:\/\/www.asso-afig.fr\/site\/wp-json\/wp\/v2\/pages\/1620\/revisions\/1624"}],"wp:attachment":[{"href":"https:\/\/www.asso-afig.fr\/site\/wp-json\/wp\/v2\/media?parent=1620"}],"curies":[{"name":"wp","href":"https:\/\/api.w.org\/{rel}","templated":true}]}}

Calendrier des conférences

<p>L&#8217;AFIG tient à jour un calendrier des conférences et journées liées d&#8217;informatique graphique, françaises et internationales. N&#8217;hésitez pas à l&#8217;intégrer dans vos agendas!</p>
<p><iframe loading="lazy" src="https://calendar.google.com/calendar/embed?src=r2l4hbd0a83ktnjv5opmrelo70%40group.calendar.google.com&#038;ctz=Europe%2FParis" style="border: 0" width="800" height="600" frameborder="0" scrolling="no"></iframe></p>

<p>L&#8217;AFIG tient à jour un calendrier des conférences et journées liées d&#8217;informatique graphique, françaises et internationales. N&#8217;hésitez pas à l&#8217;intégrer dans vos agendas!</p>
