{"id":1434,"date":"2023-11-28T20:07:40","date_gmt":"2023-11-28T20:07:40","guid":{"rendered":"https:\/\/www.asso-afig.fr\/site\/?page_id=1434"},"modified":"2026-02-25T17:57:48","modified_gmt":"2026-02-25T15:57:48","slug":"prix","status":"publish","type":"page","link":"https:\/\/www.asso-afig.fr\/site\/les-journees-jfig\/prix\/","title":{"rendered":"Prix"},"content":{"rendered":"<h1>Prix et distinctions associ\u00e9s \u00e0 l&#8217;AFIG<\/h1>\n<h2>Les Best Papers des Journ\u00e9es d&#8217;Informatique Graphique<\/h2>\n<p>En association avec EGFR (voir d\u00e9tail et <a href=\"https:\/\/projet.liris.cnrs.fr\/egfr\/bestpapers\/\">comit\u00e9s sur site EGFR<\/a>), l&#8217;AFIG participe chaque ann\u00e9e aux prix des meilleurs papiers des jFIG.<\/p>\n<ul>\n<li><strong>2025<\/strong>\n<ol>\n<li><b>Cl\u00e9ment Magniez<\/b> (LORIS, Universit\u00e9 de Lorraine) et C\u00e9dric Zanni.<br aria-hidden=\"true\" \/>\u00a0&#8220;Improving spatial domain repetition of implicit surfaces&#8221;.<\/li>\n<li><b>Josu\u00e9 Raad<\/b> (XLIM, Universit\u00e9 de Poitiers &#8211; SHERGRAPH, Universit\u00e9 de Sherbrooke), Bastian Kuth, Quirin Meyer, Micka\u00ebl Ribardi\u00e8re, Daniel Meneveaux et Guillaume Gilet. &#8220;GPU Work Graphs for Geometry-Node-Style Procedural Modeling&#8221;.<\/li>\n<li><b>Alice Malosse<\/b> (LIRIS, Universit\u00e9 de Lyon), Hugo Schott, Eric Gu\u00e9rin, Adrien Peytavie et Eric Galin.<br aria-hidden=\"true\" \/>\u00a0&#8220;Large Scale Dune Fields Generation&#8221;.<\/li>\n<\/ol>\n<\/li>\n<li><strong>2024<\/strong>\n<ol>\n<li><strong>Cyprien Plateau-Holleville<\/strong> (XLIM, Universit\u00e9 de Limoges), Benjamin Stamm, Vincent Nivoliers, Maxime Maria and St\u00e9phane M\u00e9rillou. &#8220;Construction de diagrammes d&#8217;Apollonius 3D sur GPU&#8221;.<\/li>\n<li><strong>Josu\u00e9 Raad<\/strong>(XLIM, Universit\u00e9 de Poitiers &#8211; BISOUS, Universit\u00e9 de Sherbrooke), Arthur Delon, Mickael Ribardiere, Daniel Meneveaux and Guillaume Gilet. &#8220;Real-Time Procedural Resurfacing with GPU Mesh Shaders&#8221;.<\/li>\n<li><strong>Xianjin Gong <\/strong>(LIX, Polytechnique), James Gain, Damien Rohmer, Julien Pettre and Marie-Paule Cani. &#8220;Optimizing Multi-Agent Heard Model from a Single Video&#8221;.<\/li>\n<\/ol>\n<\/li>\n<li><strong>2023<\/strong>\n<ol>\n<li><strong>Romain Fournier<\/strong> (iCube, Universit\u00e9 de Strasbourg), et Basile Sauvage. &#8220;Mix-Max: a content-aware operator for real-time texture&#8221;.<\/li>\n<li><strong>Th\u00e9o Cheynel<\/strong> (LIX, Ecole Polytechnique, IP Paris, Kinetix), Thomas Rossi, Baptiste Bellot-Gurlet, Damien Rohmer et Marie-Paule Cani. &#8220;Sparse Motion Semantics for Contact-Aware Retargeting&#8221;.<\/li>\n<li><strong>Jean Basset<\/strong> (LaBRI, Bordeaux), Pierre B\u00e9nard et Pascal Barla. &#8220;Interactive Art-Directable Smear Frame Stylization&#8221;.<\/li>\n<\/ol>\n<\/li>\n<li><strong>2022<\/strong>\n<ol>\n<li><strong>Jiayi Wei<\/strong> (LIX, Ecole Polytechnique), Jiong Chen, Damien Rohmer, Pooran Memari et Mathieu Desbrun &#8220;Robust-statistics Based Approach for Pointset Denoising&#8221;.<\/li>\n<li><strong>Simon Perche<\/strong> (LIRIS, Universit\u00e9 de Lyon), Adrien Peytavie, Bedrich Benes, Eric Galin et Eric Gu\u00e9rin &#8220;StyleDEM: a Versatile Model for Authoring Terrains&#8221;.<\/li>\n<li><strong>Simon Lucas<\/strong> (LaBRI, Universit\u00e9 de Bordeaux), Romain Pacanowski et Pascal Barla. &#8220;Analyse Num\u00e9rique de Mod\u00e8les de Mat\u00e9riaux Poreux&#8221;.<\/li>\n<\/ol>\n<\/li>\n<li><strong>2021<\/strong>\n<ol>\n<li><strong>David-Henri Garnier<\/strong> (LIX, Ecole Polytechnique), Martin-Pierre Schmidt, Damien Rohmer &#8220;Growing Optimized Anisotropic Microstructures with Reaction\/Diffusion&#8221;.<\/li>\n<li><strong>Elie Michel<\/strong> (LTCI, Telecom Paris), Tamy Boubekeur &#8220;Synth\u00e8se par pavage de m\u00e9so-structure surfacique&#8221;.<\/li>\n<li><strong>Nicolas Barroso<\/strong> (IRIT, Universit\u00e9 de Toulouse), Am\u00e9lie Fondevilla, David Vanderhaeghe &#8220;Automatic Intermediate Frames for Stroke-based Animation&#8221;.<\/li>\n<\/ol>\n<\/li>\n<li><strong>2020<\/strong>\n<ol>\n<li><strong>Pierre M\u00e9zi\u00e8res<\/strong> (IRIT, Universit\u00e9 de Toulouse), Mathias Paulin &#8220;Projection efficace de lumi\u00e8res sph\u00e9riques sur les harmoniques sph\u00e9riques&#8221;.<\/li>\n<li><strong>Guillaume Coiffier <\/strong>(LORIA, Universit\u00e9 de Nancy) &#8220;Ajustement de surfaces param\u00e9triques sur nuages de points&#8221;.<\/li>\n<li><strong>Beatrix-Emoke Fulop-Balogh<\/strong> (LIRIS, Universit\u00e9 de Lyon), Eleanor Tursman, Julie Digne, Nicolas Bonneel, James Tompkin &#8220;Few-camera Dynamic Scene Variational Novel-view Synthesis&#8221;.<\/li>\n<\/ol>\n<\/li>\n<li><strong>2019<\/strong>\n<ol>\n<li><strong>Rapha\u00ebl Charrondi\u00e8re<\/strong> (LJK\/Inria Grenoble), Florence Bertails-Descoubes, S\u00e9bastien Neukirch, Victor Romero &#8220;Mod\u00e9lisation num\u00e9rique de rubans en \u00e9l\u00e9ments de haut degr\u00e9&#8221; [<a href=\"https:\/\/hal.archives-ouvertes.fr\/hal-02384085\">pdf<\/a>].<\/li>\n<li><strong>Simon Courtin<\/strong>, S. Horna, M. Ribardi\u00e8re, P. Poulin, D. Meneveaux &#8220;Arrondis et simulation d&#8217;\u00e9clairage bas\u00e9e rayons : une structure d\u00e9di\u00e9e aux surfaces implicites&#8221;.<\/li>\n<li><strong>Tong Fu<\/strong> (LIRIS, Universit\u00e9 de Lyon), Rapha\u00eblle Chaine, Julie Digne &#8220;Anatomy and pose estimation from point sets using FAKIR&#8221;. [<a href=\"https:\/\/hal.archives-ouvertes.fr\/hal-02952951\">related article<\/a>]<\/li>\n<\/ol>\n<\/li>\n<li><strong>2018<\/strong>\n<ol>\n<li><strong>Vincent Tavernier<\/strong>, Fabrice Neyret, Romain Vergne, Jo\u00eblle Thollot (LJK\/Inria Grenoble) &#8220;Gabor Noise revisit\u00e9&#8221;. [<a href=\"https:\/\/hal.archives-ouvertes.fr\/hal-01926451\">pdf<\/a>]<\/li>\n<li><strong>Axel Paris<\/strong>, Adrien Peytavie, Eric Galin, Eric Gu\u00e9rin, James Gain (LIRIS Lyon) &#8220;Amplification de Terrains avec des Caract\u00e9ristiques Implicites 3D&#8221;. [<a href=\"https:\/\/hal.archives-ouvertes.fr\/hal-02273097\">related article<\/a>]<\/li>\n<li><strong>Anahid Ghazanfarpour<\/strong>, Nicolas Mellado, Lo\u00efc Barthe, Jean-Pierre Jessel (IRIT Toulouse) &#8220;Simplification de maillages pour le d\u00e9sassemblage virtuel d&#8217;objets&#8221;.<\/li>\n<\/ol>\n<\/li>\n<li><strong>2017<\/strong>\n<ol>\n<li><strong>Romain Hoarau<\/strong>, Eric Coiro, S\u00e9bastien Thon, Romain Raffin (ONERA, LSIS Aix-Marseille) &#8220;Channel-based Spectral Image Rendering on GPU&#8221;.<\/li>\n<li><strong>Jonathan Sarton<\/strong>, Nicolas Courilleau, Florent Duguet, Yannick R\u00e9mion, Laurent Lucas (CRESTIC Reims) &#8220;A fully GPU-based out-of-core approach to handle large volume data&#8221;.<\/li>\n<li><strong>Samuel Carensac<\/strong>, Nicolas Pronost, Saida Bouakaz (LIRIS, Lyon) &#8220;Physics-based control of virtual characters in low frequency simulations&#8221;. [<a href=\"https:\/\/perso.liris.cnrs.fr\/nicolas.pronost\/Papers\/Physics-based%20control%20of%20virtual%20characters%20in%20low%20frequency%20[JFIG2017].pdf\">pdf<\/a>]<\/li>\n<\/ol>\n<\/li>\n<li><strong>2016<\/strong>\n<ol>\n<li><strong>Yohann Bearzi<\/strong>, Julie Digne (LIRIS, Universit\u00e9 Lyon 1) &#8220;Surface derivatives computation using Fourier Transform&#8221;.<\/li>\n<li><strong>Valentin Rousselet<\/strong>, Nicolas Mellado, Lo\u00efc Barthe (IRIT, Universit\u00e9 de Toulouse) &#8220;Implicit-based Secondary Motion for Character Animation&#8221;.<\/li>\n<li><strong>Am\u00e9lie Fondevilla<\/strong>, Adrien Bousseau, Damien Rohmer, Stefanie Hahmann, Marie-Paule Cani (Universit\u00e9 Grenoble Alpes, CNRS &#8211; LJK, Inria, CPE Lyon) &#8220;Modeling Symmetric Developable Surfaces from a Single Photo&#8221;.<\/li>\n<\/ol>\n<\/li>\n<li><strong>2015<\/strong>\n<ol>\n<li><strong>Benoit Arbelot<\/strong>, Romain Vergne, Thomas Hurtut, Jo\u00eblle Thollot (Inria Rh\u00f4ne-Alpes &#8211; Grenoble Universit\u00e9s) &#8220;Transfert de couleurs et colorisation guid\u00e9s par la texture&#8221;.<\/li>\n<li><strong>Johanna Delanoy<\/strong> avec Adrien Bousseau (Inria Sophia Antipolis) &#8220;La courbure pour retrouver le point de vue d&#8217;un dessin de design&#8221;.<\/li>\n<li><strong>Georges Nader<\/strong> avec Kai Wang, Franck H\u00e9troy-Wheeler, Florent Dupont (LIRIS, Gipsa-lab, Inria Rh\u00f4ne-Alpes) &#8220;Mod\u00e8le perceptuel pour la d\u00e9tection du seuil de visibilit\u00e9 des distorsions sur un maillage 3D affich\u00e9 avec un ombrage plat&#8221;.<\/li>\n<\/ol>\n<\/li>\n<li><strong>2014<\/strong>\n<ol>\n<li><strong>Thomas Subileau<\/strong> avec David Vanderhaeghe et Mathias Paulin (IRIT &#8211; Universit\u00e9 de Toulouse) &#8220;Contr\u00f4le artistique par \u00e9dition de la propagation des rayons en photon mapping&#8221;. [<a href=\"http:\/\/liris.cnrs.fr\/~egfr\/BestPapers\/Premier2014_Subileau.pdf\">pdf<\/a>]<\/li>\n<li><strong>Jean-David G\u00e9nevaux<\/strong> avec Fran\u00e7ois Grosbellet, Eric Galin, Adrien Peytavie, Eric Gu\u00e9rin, Cyril Briquet et Bed\u0159ich Bene\u0161 (LIRIS &#8211; Universit\u00e9 de Lyon, XLIM &#8211; Universit\u00e9 de Limoges, Purdue University-USA) &#8220;Mod\u00e9lisation de terrains par primitives&#8221;. [<a href=\"http:\/\/liris.cnrs.fr\/~egfr\/BestPapers\/Deuxieme2014_Genevaux.pdf\">pdf<\/a>]<\/li>\n<li><strong>Evans Bohl<\/strong> avec Olivier Terraz et Djamchid Ghazanfarpour (XLIM &#8211; Universit\u00e9 de Limoges) &#8220;Mod\u00e9lisation de fruits et de leur structure interne \u00e0 l&#8217;aide de 3G-Cartes L-Syst\u00e8mes&#8221;. [<a href=\"http:\/\/liris.cnrs.fr\/~egfr\/BestPapers\/Troisieme2014_Bohl.pdf\">pdf<\/a>]<\/li>\n<\/ol>\n<\/li>\n<li><strong>2013<\/strong>\n<ol>\n<li><strong>Maxime Maria<\/strong> avec S\u00e9bastien Horna et Lilian Aveneau (XLIM\/SIC &#8211; Universit\u00e9 de Poitier) &#8220;Visualisation interactive de grands b\u00e2timents&#8221;. [<a href=\"http:\/\/liris.cnrs.fr\/~egfr\/BestPapers\/Premier2013_Maxime-Maria.pdf\">pdf<\/a>]<\/li>\n<li><strong>J\u00e9r\u00e9my Levallois<\/strong> avec David Coeurjolly et Jacques-Olivier Lachaud (LIRIS &#8211; Universit\u00e9 Lyon &#8211; INSA Lyon, LAMA &#8211; Universit\u00e9 de Savoie, LJK &#8211; Universit\u00e9 de Grenoble Alpes) &#8220;Convergence asymptotique du tenseur de courbure en g\u00e9om\u00e9trie discr\u00e8te&#8221;. [<a href=\"http:\/\/liris.cnrs.fr\/jeremy.levallois\/Papers\/AFIG2013\/\">pdf<\/a>]<\/li>\n<li><strong>Arnaud Emilien<\/strong> avec Pierre Poulin, Marie-Paule Cani et Ulysse Vimont (LIGUM &#8211; Universit\u00e9 de Montr\u00e9al, LJK &#8211; Grenoble Universit\u00e9s &#8211; Inria) &#8220;Design de cascades r\u00e9alistes: une m\u00e9thode pour combiner contr\u00f4le interactif et mod\u00e8le proc\u00e9dural&#8221;. [<a href=\"http:\/\/liris.cnrs.fr\/~egfr\/BestPapers\/Troisieme2013_Arnaud-Emilien.pdf\">pdf<\/a>]<\/li>\n<\/ol>\n<\/li>\n<li><strong>2012<\/strong>\n<ol>\n<li><strong>Rodolphe Vaillant<\/strong> avec Lo\u00efc Barthe, Ga\u00ebl Guennebaud, Marie-Paule Cani, Damien Rohmer et Brian Wyvill (IRIT &#8211; Universit\u00e9 de Toulouse, INRIA Bordeaux, LJK &#8211; Grenoble Universit\u00e9s &#8211; INRIA, CPE Lyon &#8211; INRIA, University of Victoria-Canada) &#8220;D\u00e9formation de la peau d&#8217;un personnage avec prise en compte des contacts&#8221;. [<a href=\"http:\/\/www.irit.fr\/REFIG\/index.php\/refig\/issue\/view\/10\">pdf<\/a>]<\/li>\n<li><strong>Jean-David G\u00e9nevaux<\/strong> avec Eric Galin, Eric Gu\u00e9rin, Adrien Peytavie et Bed\u0159ich Bene\u0161 (LIRIS &#8211; Universit\u00e9 Lyon 2 &#8211; INSA Lyon &#8211; Universit\u00e9 Lyon 1, Purdue University-USA) &#8220;G\u00e9n\u00e9ration proc\u00e9durale de rivi\u00e8res et de terrains&#8221;. [<a href=\"http:\/\/paris.siggraph.org\/activites\/2012-13\/recherche-les-meilleurs-papiers-de-l-afig\/AFIG-GenerationProceduraleRivieresTerrains.pdf\">pdf<\/a>]<\/li>\n<li><strong>Boris Raymond<\/strong> avec Pascal Barla et Ga\u00ebl Guennebaud (INRIA &#8211; Universit\u00e9 de Bordeaux &#8211; IOGS) &#8220;MicroSculpt : Une approche en espace image pour la manipulation de mat\u00e9riaux anisotropes&#8221;.<\/li>\n<\/ol>\n<\/li>\n<li><strong>2011<\/strong>\n<ol>\n<li><strong>Pierre-Yves Laffont<\/strong> avec Adrien Bousseau et George Drettakis (REVES \/ INRIA Sophia-Antipolis) &#8220;Images Intrins\u00e8ques de sc\u00e8nes en ext\u00e9rieur \u00e0 partir de multiples vues&#8221;.<\/li>\n<li><strong>Thierry Bay<\/strong> avec Romain Raffin et Marc Daniel (LSIS &#8211; Universit\u00e9 Aix-Marseille) &#8220;Mod\u00e9lisation de surfaces \u00e9paisses d&#8217;organes pelviens&#8221;.<\/li>\n<li>(ex aequo) <strong>Loeiz Glondu<\/strong> avec Maud Machal et Georges Dumont (ENS Cachan, INSA Rennes) &#8220;Simulation physique de fracture d&#8217;objets fragiles en temps r\u00e9el&#8221;.<\/li>\n<\/ol>\n<\/li>\n<li><strong>2010<\/strong>\n<ol>\n<li><strong>Pierre B\u00e9nard<\/strong> avec Jingwan Lu, Forrester Cole, Adam Finkelstein et Jo\u00eblle Thollot (LJK &#8211; Universit\u00e9 de Grenoble &#8211; INRIA, Princeton University, MIT CSAIL) &#8220;Contours actifs pour la stylisation coh\u00e9rente de lignes anim\u00e9es&#8221;.<\/li>\n<li><strong>Julien Dehos<\/strong> avec Eric Z\u00e9ghers, Laurent Sarry, Fran\u00e7ois Rousselle et Christophe Renaud (Universit\u00e9 d&#8217;Auvergne, Universit\u00e9 du Littoral Cote Opale) &#8220;Analyse en simulation de projection immersive par l&#8217;avant&#8221;.<\/li>\n<li><strong>Adrien Herubel<\/strong> avec Venceslas Biri et St\u00e9phane Deverly (LIGM &#8211; Universit\u00e9 Paris-Est Marne-la-Vall\u00e9e, Duran Duboi) &#8220;Antialiasing Morphologique et Reconstruction Topologique&#8221;.<\/li>\n<\/ol>\n<\/li>\n<\/ul>\n<div style=\"margin-top: 2em;\"><\/div>\n<h2>Membres honorifiques de l&#8217;AFIG<\/h2>\n<p>L&#8217;AFIG propose certaines ann\u00e9e de distinguer un membre d&#8217;honneur ayant contribu\u00e9 \u00e0 la communaut\u00e9 fran\u00e7aise d&#8217;informatique graphique.<\/p>\n<ul>\n<li><strong>2017<\/strong> <em>(3 membres honorifiques)<\/em><\/li>\n<li>Benard P\u00e9roche<\/li>\n<li>Ren\u00e9 Caubet<\/li>\n<li>Henri Gouraud<\/li>\n<\/ul>\n<ul>\n<li><strong>2016<\/strong> <em>(2 membres honorifiques)<\/em>\n<div class=\"wrapper_membre_honorifique\">\n<div class=\"element\"><a href=\"https:\/\/www.irisa.fr\/frvsense\/Kadi.Bouatouch\/\"><img decoding=\"async\" src=\"https:\/\/www.asso-afig.fr\/site\/wp-content\/uploads\/kadi_bouatouch.jpg\" \/><br \/>\nKadi Bouatouch <\/a><\/div>\n<div class=\"element\"><a href=\"http:\/\/www.acroe-ica.org\/en\/annie-luciani\"><img decoding=\"async\" src=\"https:\/\/www.asso-afig.fr\/site\/wp-content\/uploads\/annie_luciani.jpg\" \/><br \/>\nAnnie Luciani<\/a><\/div>\n<\/div>\n<\/li>\n<\/ul>\n","protected":false},"excerpt":{"rendered":"<p>Prix et distinctions associ\u00e9s \u00e0 l&#8217;AFIG Les Best Papers des Journ\u00e9es d&#8217;Informatique Graphique En association avec EGFR (voir d\u00e9tail et comit\u00e9s sur site EGFR), l&#8217;AFIG participe chaque ann\u00e9e aux prix &#8230;<\/p>\n","protected":false},"author":1,"featured_media":0,"parent":20,"menu_order":0,"comment_status":"closed","ping_status":"closed","template":"","meta":{"footnotes":""},"class_list":["post-1434","page","type-page","status-publish","hentry"],"_links":{"self":[{"href":"https:\/\/www.asso-afig.fr\/site\/wp-json\/wp\/v2\/pages\/1434"}],"collection":[{"href":"https:\/\/www.asso-afig.fr\/site\/wp-json\/wp\/v2\/pages"}],"about":[{"href":"https:\/\/www.asso-afig.fr\/site\/wp-json\/wp\/v2\/types\/page"}],"author":[{"embeddable":true,"href":"https:\/\/www.asso-afig.fr\/site\/wp-json\/wp\/v2\/users\/1"}],"replies":[{"embeddable":true,"href":"https:\/\/www.asso-afig.fr\/site\/wp-json\/wp\/v2\/comments?post=1434"}],"version-history":[{"count":8,"href":"https:\/\/www.asso-afig.fr\/site\/wp-json\/wp\/v2\/pages\/1434\/revisions"}],"predecessor-version":[{"id":1780,"href":"https:\/\/www.asso-afig.fr\/site\/wp-json\/wp\/v2\/pages\/1434\/revisions\/1780"}],"up":[{"embeddable":true,"href":"https:\/\/www.asso-afig.fr\/site\/wp-json\/wp\/v2\/pages\/20"}],"wp:attachment":[{"href":"https:\/\/www.asso-afig.fr\/site\/wp-json\/wp\/v2\/media?parent=1434"}],"curies":[{"name":"wp","href":"https:\/\/api.w.org\/{rel}","templated":true}]}}