{"id":11,"date":"2017-06-01T18:56:30","date_gmt":"2017-06-01T18:56:30","guid":{"rendered":"http:\/\/www.asso-afig.fr\/site\/?page_id=11"},"modified":"2026-03-06T14:55:45","modified_gmt":"2026-03-06T12:55:45","slug":"la-liste-de-diffusion","status":"publish","type":"page","link":"https:\/\/www.asso-afig.fr\/site\/actualite\/la-liste-de-diffusion\/","title":{"rendered":"La Liste De Diffusion"},"content":{"rendered":"<p>La liste de diffusion vous permet de dialoguer avec l&#8217;ensemble de la communaut\u00e9 de l&#8217;AFIG et de recevoir les annonces et actualit\u00e9s.<\/p>\n<ul>\n<li style=\"list-style-type: none;\">\n<ul>\n<li><strong>Envoyer un mail \u00e0 la liste<\/strong><\/li>\n<\/ul>\n<\/li>\n<\/ul>\n<p>Envoyez un mail \u00e0 <a href=\"mailto:forum@asso-afig.fr? target=\"> forum@asso-afig.fr<\/a><br \/>\n<em>Tout le monde peut envoyer un mail, l&#8217;inscription n&#8217;est pas n\u00e9cessaire. Votre message sera dans tous les cas mod\u00e9r\u00e9, puis re\u00e7u par l&#8217;ensemble des inscrits.<\/em><\/p>\n<ul>\n<li style=\"list-style-type: none;\">\n<ul>\n<li><strong>S&#8217;inscrire sur la mailing liste<\/strong><\/li>\n<\/ul>\n<\/li>\n<\/ul>\n<p>Envoyez un mail \u00e0 <a href=\"mailto:forum-subscribe@asso-afig.fr?Subject=Inscription Mailing List AFIG\" target=\"_top\" rel=\"noopener\"> forum-subscribe@asso-afig.fr<\/a><br \/>\n<em>Inscription libre permettant de recevoir les messages de la mailing liste.<\/em><\/p>\n<p>Attention: les adresses gmail ne fonctionnent pas pour le moment, et peut-\u00eatre d&#8217;autres grands domaines tels qu&#8217;Outlook. <strong>Si vous ne recevez pas de mail de confirmation, c&#8217;est que vous n&#8217;\u00eates pas inscrits! <\/strong>Dans ce cas, envoyez un mail \u00e0 contact@asso-afig.fr pour qu&#8217;on \u00e9value le probl\u00e8me.<strong><br \/>\n<\/strong><\/p>\n<ul>\n<li style=\"list-style-type: none;\">\n<ul>\n<li><strong>D\u00e9sinscription de la mailing liste<\/strong><\/li>\n<\/ul>\n<\/li>\n<\/ul>\n<p>Envoyez un mail \u00e0 <a href=\"mailto:forum-unsubscribe@asso-afig.fr?Subject=Inscription Mailing List AFIG\" target=\"_top\" rel=\"noopener\"> forum-unsubscribe@asso-afig.fr<\/a><\/p>\n<p>Remarques:<\/p>\n<ul>\n<li>Pour \u00e9viter que les filtres anti-spam ne bloquent les emails de la liste AFIG, il est pr\u00e9f\u00e9rable de s&#8217;inscrire sur votre adresse final (que vous lisez), et non pas une adresse qui va \u00eatre redirig\u00e9e vers une autre (ex. gmail).<\/li>\n<li>Lorsque vous envoyez un message \u00e0 plusieurs mailing lists, \u00e9vitez de mettre toutes les listes en destinataires du m\u00eame message &#8211; les emails n&#8217;\u00e9tant pas toujours trait\u00e9s correctement par le syst\u00e8me de mod\u00e9ration. Il est pr\u00e9f\u00e9rable d&#8217;envoyer plusieurs messages avec une seule liste en destinataire \u00e0 chaque fois.<\/li>\n<\/ul>\n","protected":false},"excerpt":{"rendered":"<p>La liste de diffusion vous permet de dialoguer avec l&#8217;ensemble de la communaut\u00e9 de l&#8217;AFIG et de recevoir les annonces et actualit\u00e9s. Envoyer un mail \u00e0 la liste Envoyez un &#8230;<\/p>\n","protected":false},"author":1,"featured_media":0,"parent":485,"menu_order":0,"comment_status":"closed","ping_status":"closed","template":"","meta":{"footnotes":""},"class_list":["post-11","page","type-page","status-publish","hentry"],"_links":{"self":[{"href":"https:\/\/www.asso-afig.fr\/site\/wp-json\/wp\/v2\/pages\/11"}],"collection":[{"href":"https:\/\/www.asso-afig.fr\/site\/wp-json\/wp\/v2\/pages"}],"about":[{"href":"https:\/\/www.asso-afig.fr\/site\/wp-json\/wp\/v2\/types\/page"}],"author":[{"embeddable":true,"href":"https:\/\/www.asso-afig.fr\/site\/wp-json\/wp\/v2\/users\/1"}],"replies":[{"embeddable":true,"href":"https:\/\/www.asso-afig.fr\/site\/wp-json\/wp\/v2\/comments?post=11"}],"version-history":[{"count":21,"href":"https:\/\/www.asso-afig.fr\/site\/wp-json\/wp\/v2\/pages\/11\/revisions"}],"predecessor-version":[{"id":1782,"href":"https:\/\/www.asso-afig.fr\/site\/wp-json\/wp\/v2\/pages\/11\/revisions\/1782"}],"up":[{"embeddable":true,"href":"https:\/\/www.asso-afig.fr\/site\/wp-json\/wp\/v2\/pages\/485"}],"wp:attachment":[{"href":"https:\/\/www.asso-afig.fr\/site\/wp-json\/wp\/v2\/media?parent=11"}],"curies":[{"name":"wp","href":"https:\/\/api.w.org\/{rel}","templated":true}]}}